1. Let f(p) = -6*p - 4*p + 3*p + l*p. Let d(s) = 2*s + 21. Let n be d(-12). Give f(n).
15
Let y = -555 - -546. Let s(n) = n**3 + 8*n**2 - 10*n + 21. What is s(y)?
30
Suppose -3*b + 4*d + 218 = 0, 0 = 3*b - 5*b - d + 138. Let t = b + -65. Let y(g) = g - 3 + 5 + 5 - t. What is y(6)?
8
Suppose -11*n + 243 - 100 = 0. Let y(u) = n*u + 140 - 74 - 68. Determine y(2).
24
Let x(i) = 5*i + 5. Let g(q) = 14*q + 16. Let o(h) = 6*g(h) - 17*x(h). Let t(d) = 13*d + 82. Let k be t(-6). Give o(k).
7
Let p(k) = -k**3 - 4*k**2 + k - 7. Let j = -4 - 19. Let z = -23 - j. Suppose -4*y - 12 - 8 = z. Give p(y).
13
Let l(w) = -w**3 - 18*w**2 + 24. Suppose -105 = 5*x + 3*r, -185*x + 4*r = -188*x - 74. Give l(x).
24
Let y = 13339 - 13334. Let g(c) be the third derivative of c**4/12 + 2*c**3/3 + 9*c**2. Give g(y).
14
Let q(z) = z**2 - 7*z - 14. Let f(i) = -i**3 - 12*i**2 - 41*i - 32. Let w be f(-7). Calculate q(w).
16
Let u(h) = 2*h**3 + 75*h**2 + 40*h + 104. Let a be u(-37). Let z(x) = -x**3 - 10*x**2 - 17*x + 14. Give z(a).
-14
Let j(g) = -g - 13. Let c(n) = -1. Let z(k) = 6*c(k) - j(k). Let b = 26 - 35. Calculate z(b).
-2
Let l = 41281 + -41273. Let w(t) = 14*t - 35. What is w(l)?
77
Let f = -18 - -12. Let s be 2/(-4) + (-3)/f. Let b(o) be the third derivative of o**6/120 + o**5/60 - o**4/24 + o**3 + 1016*o**2. Give b(s).
6
Let v(w) = 2*w - 2. Suppose 4*k = -6*u + 7*u + 13, -5*u = 5*k - 35. Suppose -5*t = -u*j + 11 + 322, -1 = -j. Let p = -64 - t. What is v(p)?
2
Let b(j) = j**2 - 8*j + 10. Let p be (-5 - (-1 + 1)) + (-5 - -3). Let w be (-329)/(-49) - 2/p. Let k be b(w). Let g(t) = 6*t + 2. What is g(k)?
20
Suppose -30 = 4*u - 19*u. Let o(p) = 2*p**2 + 362*p**3 - 361*p**3 - 4*p**u - p + 1 + 2*p. Determine o(2).
3
Let o be -13 + 2 + -1 + 7. Let m(q) = 20 + q**3 + 5*q**2 - 8 + q - 7. Calculate m(o).
0
Let n(g) = -2*g**2 - 10*g + 10. Let w(h) = 41*h + 3*h**2 - 5 - 30*h - 7. Let c(v) = 4*n(v) + 3*w(v). What is c(4)?
-8
Let n(j) = j + 32. Let k = 16239 + -16285. Determine n(k).
-14
Let h(n) = -2*n**2 + 62*n - 70. Let z = -16145 - -16175. What is h(z)?
-10
Let q(s) = -25162 + 12*s + 8394 + 8382 - s**2 + 8395. Calculate q(14).
-19
Let l(h) = h**3 - 14*h**2 - 24*h + 5. Let v(k) = k**3 - 15*k**2 - 23*k + 10. Let f(y) = -3*l(y) + 4*v(y). Calculate f(19).
6
Let b(d) = -d**2 + 2*d + 1. Let y(t) = 5*t**2 + 112*t + 48. Let i be y(-22). Suppose 0 = -2*m - 9*w + 4*w + 5, i*m + 4*w = 4. Determine b(m).
1
Let p(h) = -h**2 + 11*h - 13. Let d = 162 - 161. Suppose -2*s + b - d = -23, -3*b = -s + 21. Determine p(s).
5
Suppose -4*g = -7*g + 57. Let q(v) = 5 + 3*v - 36*v**2 - 20*v**2 + 76*v**2 - g*v**2. Give q(-5).
15
Let a = -108 + 119. Let i(j) = -3 - 183*j**2 - 178*j**2 + 1 - 5 + 362*j**2 - 10*j. Give i(a).
4
Let n(t) = t**3 - 4*t**2 - 6*t - 2. Let f(a) = a - 5*a - 30 - 6*a + 3*a. Let x be f(-5). Suppose x*i - 5 = 4*i. What is n(i)?
-7
Let q(h) = h**2 + 28*h - 295. Suppose t = 5*b + 178, -3*t = b + 28 + 14. Calculate q(b).
-7
Let i(y) = y**2 - 2*y + 1. Let j be (2 - (-20)/(-8))/(((-143)/(-22))/13). Let m(v) = 5 - 2 - 5 - v**3 - 2*v. Let s be m(j). Determine i(s).
0
Let k(d) = 5*d**2 - 2*d + 13. Let t(q) = -7*q**2 + 2*q - 3. Let m(h) = -4*k(h) - 3*t(h). What is m(-8)?
5
Let q = -21 + 15. Let t(b) = 1231 - 548 + 2*b - 684. Calculate t(q).
-13
Let z(y) = -y**2 - y - 8. Let i = 2 - -1. Let b = -234 + 232. Let t be -3*(b - 9/(-3)) + i. Determine z(t).
-8
Let s(b) = -5*b - 25. Suppose 0 = 5575*k - 5578*k - 12. Calculate s(k).
-5
Let i be (-70)/(-510) - (-31)/1054. Let p(o) be the third derivative of 0 - 1/24*o**4 - i*o**3 + 0*o + 4*o**2. Determine p(3).
-4
Let w(p) = p**2 - 5*p + 3. Suppose -10*v - 379 = -139. Let u be (v/(-20))/(2/(-120)*-8). What is w(u)?
39
Let u(o) = o**3 - 3*o**2 - 2. Let m = 621 + -613. Suppose -15 = 3*g, 0 = 3*k + 3*g + 2*g - 47. Suppose -m*q + k + 8 = 0. Determine u(q).
14
Let l(t) = t**2 - 6*t - 67. Suppose 2*f - 4 = 3*n + 2, 0 = 4*f - 4*n. Determine l(f).
5
Let v(k) be the second derivative of -k**5/20 - 3*k**4/2 + 6*k**3 - 37*k**2 + 8548*k. Give v(-20).
6
Let p(s) = s**2 + 19*s + 39. Let w be p(-18). Suppose h - 4*h + 3*t = w, 20 = -2*h - t. Let b(u) = 2 - 3 - u - 8 - 2. What is b(h)?
-2
Let m(s) = -s**3 + 4*s**2 + 6*s - 3. Suppose -22*p + 85 = -47. Suppose -3*q + 5*z + 5 = -22, -3*q + p = 2*z. Give m(q).
21
Let q = -34 - -49. Suppose -16*y + 13*y = -q. Let k(o) = -3*o - 2. Give k(y).
-17
Let n(a) be the first derivative of -a**3/3 - a**2 + 4*a - 7244. Let s(f) = 2*f + 4. Let h be s(-4). Calculate n(h).
-4
Let u(v) = -v**3 - 8*v**2 + 4*v - 11. Let g = -7255 + 7246. Give u(g).
34
Let q(o) = 664*o - o**2 + 313 - 303 - 655*o. Calculate q(10).
0
Let h be -9 + -2 - -1 - -19. Let a(x) = -13*x**2 + 29*x - 17. Let y(j) = 7*j**2 - 15*j + 9. Let c(l) = 6*a(l) + 11*y(l). Calculate c(h).
-3
Let p(g) = 0*g**3 + 4*g**3 - 3*g**3 - 537*g + 3*g**2 + 523*g. Give p(-6).
-24
Let v(u) = -2*u - 7. Let g(l) = 668*l + 89. Let s be g(-2). Let q be s/129 + 4/6. Give v(q).
11
Suppose -75*q + 81*q - 12 = 0. Let c(f) = 4 - 17 - q*f - 1. Give c(-11).
8
Let l(k) be the second derivative of k**4/12 - k**3/2 + 3*k**2/2 + 2*k. Suppose -2*b - b + 175 = -c, 0 = -4*c + 4*b - 668. Let r = c - -165. What is l(r)?
1
Let l(a) = 7*a. Let m(w) = -w**3 - 10*w**2 - w - 12. Let g be m(-11). Suppose -12*j - 12 = -g. Suppose -n = h + 3*h - 7, 0 = 3*h - 4*n + j. Calculate l(h).
7
Let o(x) be the second derivative of -x**4/12 + x**3/6 + 15*x**2/2 + 6098*x. Calculate o(0).
15
Let r(v) be the second derivative of -v**5/20 + v**4/12 + v**3/6 + 7*v**2/2 + 104*v - 4. Suppose 4*m = -3*t - 16, 2*t = 3*t - 5*m - 20. What is r(t)?
7
Let c(k) = -k**2 + 5*k + 6. Let v be c(6). Suppose v = -p - 4*p + 10. Let j(f) = -1 - 3*f + f - f - f. Calculate j(p).
-9
Let g(y) = 11*y**2 - 2*y + 9. Let x be g(4). Let z = x + -176. Let o(n) be the first derivative of 7*n**2 - n + 2. Determine o(z).
13
Suppose -13 - 13 = -4*p - 6. Let a(m) = -3*m**2 - 15*m - 9. Let v(j) = 1 - 5 + 3*j**2 - 7*j - 4*j**2. Let g(x) = p*v(x) - 2*a(x). Determine g(4).
-6
Suppose 2*s - 6 = 539*g - 541*g, -s - 2*g = 1. Let n(j) be the third derivative of j**4/24 - 5*j**3/6 + j**2. Give n(s).
2
Let q(b) = 16*b + 168. Let n(j) = -7*j - 78. Let h(w) = -13*n(w) - 6*q(w). Calculate h(2).
-4
Let p(v) be the second derivative of 1/2*v**2 + 1/6*v**4 - 23*v - 7/6*v**3 + 0. Suppose -4*x + 9*x = 25. Determine p(x).
16
Let s(b) = -b**2 - 9*b - 10. Let d(u) be the first derivative of u**2 + 21*u + 53. Let v = -52 - -38. Let p be d(v). Give s(p).
4
Let f(w) = -6*w + 4. Let v(z) = 13. Let g(j) = -36. Let i(l) = 4*g(l) + 11*v(l). Let q(o) = -f(o) - 3*i(o). Calculate q(1).
5
Let x(c) = c**3 - 10*c**2 - 13*c + 25. Suppose -1199 = -71*i - 48*i + 10*i. Give x(i).
3
Let x(a) = 3*a - 10. Let h(l) = l**3 + 10*l**2 - l - 6. Let t be (5/(-3))/((-94)/12 - -8). Let f be h(t). Give x(f).
2
Let k(t) = 19*t**2 + 32*t - 10. Let b(f) = -15*f**2 - 31*f + 8. Let g(u) = -5*b(u) - 4*k(u). Let i(z) = 7*z + 1. Let j(v) = -g(v) + 5*i(v). Calculate j(-4).
-11
Let d(s) = -s + 16. Let b be d(11). Suppose -12 = -3*r, -2*v = v - b*r + 8. Suppose g + 12 = v*g. Let p(m) = m**2 - 4*m + 3. Give p(g).
3
Let t(f) = 3*f**2 - 2*f - 1. Let y be (12/14)/(-8*9/(-840)). Suppose -y*g = -39*g - 87. What is t(g)?
32
Let u(k) = 46*k - 3. Suppose 6*o + 3*p + 3 = 9*o, 5*p - 5 = -5*o. What is u(o)?
43
Let h(i) = -i - 2. Let l(w) = -3*w - 5. Let r(v) = -5*h(v) + 2*l(v). Let o = 806 + -808. Give r(o).
2
Let s(c) = 4*c**2 - 32*c - 3. Suppose 15159*b + 16 = 15161*b. Give s(b).
-3
Suppose 3*h + 8*g = 5*g + 60, 0 = 3*h - 2*g - 65. Let z be -6 + 3/(-21) + 45/h. Let v(w) = 11*w. Determine v(z).
-44
Let y(p) = -8*p + 150. Let g be y(18). Suppose -2*u = g*u - 24. Let o(q) = -q**2 + 0*q**2 + 2 - 1. What is o(u)?
-8
Let g = -9 + 9. Let r(u) = -11*u. Let h(y) = -8 - 2 + 7 + 4 + 8*y. Let z(w) = 4*h(w) + 3*r(w). What is z(g)?
4
Let x(l) = -l**2 + 3*l + 8. Let c(p) = -p**3 - 16*p**2 - 51*p + 50. Let h be c(-11). What is x(h)?
-10
Let v(b) = 2*b**2 + 14*b - 5. Suppose 106 = -42*d - 233 + 3. Determine v(d).
11
Let u(v) = v**3 - 36*v**2 + 35*v + 46. Let j be u(35). Let t(d) = 85*d - d**3 - j*d + 13*d**2 - 40*d - 1. Determine t(13).
-14
Let v(f) = -2*f**2 + 7*f - 4. Suppose 0 = -4*p + 2*p + 16. Let h(i) = 3*i - 18. Let x be h(p). Suppose m = -m